{"id":176,"date":"2021-08-30T10:31:12","date_gmt":"2021-08-30T15:31:12","guid":{"rendered":"https:\/\/cristinatrujillorealtor.com\/index.php\/about\/"},"modified":"2026-04-02T11:27:11","modified_gmt":"2026-04-02T16:27:11","slug":"acerca-de-mi","status":"publish","type":"page","link":"https:\/\/cristinatrujillorealtor.com\/index.php\/acerca-de-mi\/","title":{"rendered":"Acerca de m\u00ed"},"content":{"rendered":"\t\t<div data-elementor-type=\"wp-page\" data-elementor-id=\"176\" class=\"elementor elementor-176\" data-elementor-post-type=\"page\">\n\t\t\t\t<div class=\"aux-parallax-section elementor-element elementor-element-2d300fe e-flex e-con-boxed e-con e-parent\" data-id=\"2d300fe\" data-element_type=\"container\">\n\t\t\t\t\t<div class=\"e-con-inner\">\n\t\t<div class=\"elementor-element elementor-element-9b5d1b3 e-con-full e-flex e-con e-child\" data-id=\"9b5d1b3\" data-element_type=\"container\">\n\t\t\t\t<div class=\"elementor-element elementor-element-2364c52 elementor-widget__width-auto aux-appear-watch-animation aux-slide-from-bot elementor-widget elementor-widget-aux_modern_heading\" data-id=\"2364c52\" data-element_type=\"widget\" data-widget_type=\"aux_modern_heading.default\">\n\t\t\t\t<div class=\"elementor-widget-container\">\n\t\t\t\t\t<section class=\"aux-widget-modern-heading\">\n            <div class=\"aux-widget-inner\"><h6 class=\"aux-modern-heading-primary\">Soy Cristina Trujillo<\/h6><h4 class=\"aux-modern-heading-secondary\"><span class=\"aux-head-before\">Guiando tu inversi\u00f3n con transparencia y visi\u00f3n estrat\u00e9gica.<\/span><\/h4><div class=\"aux-modern-heading-description\"><p>Con m\u00e1s de <b data-path-to-node=\"2,0\" data-index-in-node=\"12\">10 a\u00f1os<\/b> de trayectoria en el sector inmobiliario y como parte del grupo de \u00e9lite <b data-path-to-node=\"2,0\" data-index-in-node=\"93\">C5 Global<\/b>, he dedicado mi carrera a descifrar las necesidades del inversionista internacional. Mi compromiso no termina al encontrar la propiedad ideal; mi verdadera labor comienza al dise\u00f1ar una estructura estrat\u00e9gica que blinde tu capital y asegure la estabilidad de tu patrimonio en el mercado m\u00e1s s\u00f3lido y competitivo del mundo<\/p><\/div><\/div>\n        <\/section>\t\t\t\t<\/div>\n\t\t\t\t<\/div>\n\t\t\t\t<div class=\"elementor-element elementor-element-bd3f100 aux-appear-watch-animation aux-fade-in-up elementor-widget elementor-widget-aux_modern_button\" data-id=\"bd3f100\" data-element_type=\"widget\" data-widget_type=\"aux_modern_button.default\">\n\t\t\t\t<div class=\"elementor-widget-container\">\n\t\t\t\t\t    <div class=\"aux-modern-button-wrapper aux-modern-button-align-left\" >\n                    <a class=\"aux-modern-button aux-black aux-modern-button-md aux-modern-button-normal aux-modern-button-default aux-icon-\" href=\"https:\/\/wa.link\/yz2075\">\n                <div class=\"aux-overlay\"><\/div>\n                                    <div class=\"aux-icon \">\n                                            <\/div>\n                                <div class=\"aux-text\">\n<span class=\"aux-text-before\">Cont\u00e1ctame<\/span>                <\/div>\n            <\/a>\n            \n    <\/div>\n\n    \t\t\t\t<\/div>\n\t\t\t\t<\/div>\n\t\t\t\t<\/div>\n\t\t<div class=\"elementor-element elementor-element-35b7f9c e-con-full e-flex e-con e-child\" data-id=\"35b7f9c\" data-element_type=\"container\">\n\t\t\t\t<div class=\"elementor-element elementor-element-2f87a20 aux-appear-watch-animation aux-fade-in-right elementor-widget elementor-widget-aux_image\" data-id=\"2f87a20\" data-element_type=\"widget\" data-widget_type=\"aux_image.default\">\n\t\t\t\t<div class=\"elementor-widget-container\">\n\t\t\t\t\t<section class=\"widget-container aux-widget-image aux-alignnone aux-parent-au8df916df\">\n    <div class=\"aux-media-hint-frame \">\n        <div class=\"aux-media-image \" >\n        \n            \n\n            \n            <img fetchpriority=\"high\" decoding=\"async\" width=\"1462\" height=\"1120\" src=\"https:\/\/cristinatrujillorealtor.com\/wp-content\/uploads\/2026\/03\/cr10.png\" class=\"aux-attachment aux-featured-image aux-attachment-id-445\" alt=\"cr10\" data-ratio=\"1.31\" data-original-w=\"1462\" \/>            \n                <\/div>\n    <\/div>\n\n<\/section><!-- widget-container -->\t\t\t\t<\/div>\n\t\t\t\t<\/div>\n\t\t\t\t<\/div>\n\t\t\t\t\t<\/div>\n\t\t\t\t<\/div>\n\t\t<div class=\"aux-parallax-section elementor-element elementor-element-3f991f1 e-flex e-con-boxed e-con e-parent\" data-id=\"3f991f1\" data-element_type=\"container\">\n\t\t\t\t\t<div class=\"e-con-inner\">\n\t\t\t\t<div class=\"elementor-element elementor-element-5c02828 elementor-widget elementor-widget-spacer\" data-id=\"5c02828\" data-element_type=\"widget\" data-widget_type=\"spacer.default\">\n\t\t\t\t<div class=\"elementor-widget-container\">\n\t\t\t\t\t\t\t<div class=\"elementor-spacer\">\n\t\t\t<div class=\"elementor-spacer-inner\"><\/div>\n\t\t<\/div>\n\t\t\t\t\t\t<\/div>\n\t\t\t\t<\/div>\n\t\t\t\t\t<\/div>\n\t\t\t\t<\/div>\n\t\t\t\t<\/div>\n\t\t","protected":false},"excerpt":{"rendered":"<p>Soy Cristina Trujillo Guiando tu inversi\u00f3n con transparencia y visi\u00f3n estrat\u00e9gica. Con m\u00e1s de 10 a\u00f1os de trayectoria en el sector inmobiliario y como parte del grupo de \u00e9lite C5 Global, he dedicado mi carrera a descifrar las necesidades del inversionista internacional. Mi compromiso no termina al encontrar la propiedad ideal; mi verdadera labor comienza [&hellip;]<\/p>\n","protected":false},"author":1,"featured_media":0,"parent":0,"menu_order":0,"comment_status":"closed","ping_status":"closed","template":"templates\/page-builder-content.php","meta":{"footnotes":""},"class_list":["post-176","page","type-page","status-publish","hentry"],"_links":{"self":[{"href":"https:\/\/cristinatrujillorealtor.com\/index.php\/wp-json\/wp\/v2\/pages\/176","targetHints":{"allow":["GET"]}}],"collection":[{"href":"https:\/\/cristinatrujillorealtor.com\/index.php\/wp-json\/wp\/v2\/pages"}],"about":[{"href":"https:\/\/cristinatrujillorealtor.com\/index.php\/wp-json\/wp\/v2\/types\/page"}],"author":[{"embeddable":true,"href":"https:\/\/cristinatrujillorealtor.com\/index.php\/wp-json\/wp\/v2\/users\/1"}],"replies":[{"embeddable":true,"href":"https:\/\/cristinatrujillorealtor.com\/index.php\/wp-json\/wp\/v2\/comments?post=176"}],"version-history":[{"count":31,"href":"https:\/\/cristinatrujillorealtor.com\/index.php\/wp-json\/wp\/v2\/pages\/176\/revisions"}],"predecessor-version":[{"id":673,"href":"https:\/\/cristinatrujillorealtor.com\/index.php\/wp-json\/wp\/v2\/pages\/176\/revisions\/673"}],"wp:attachment":[{"href":"https:\/\/cristinatrujillorealtor.com\/index.php\/wp-json\/wp\/v2\/media?parent=176"}],"curies":[{"name":"wp","href":"https:\/\/api.w.org\/{rel}","templated":true}]}}